*s + 28. Let m = u - a. What is the tens digit of m?
1
Let z be 3*(-68)/(-24)*6. Suppose 48*x = z*x - 9. Suppose -8*r - x*f + 567 = -4*r, 3 = -f. What is the tens digit of r?
4
Suppose 105*i = 21*i - 35*i + 1749895. What is the units digit of i?
5
Let g be (-93)/18 + 3 - 5/(-30). What is the units digit of (377 - g) + (-15 - -10)?
4
Suppose -4*n - 4*v = -0*v - 1540, -n + 370 = -2*v. Suppose 0 = 3*m - 1 - 5, -2*m + n = l. What is the units digit of l?
6
Suppose -55*i + 110124 = -19*i. What is the hundreds digit of i?
0
Let q = 37006 + -3821. What is the thousands digit of q?
3
Let h be (1 + (-2)/6*3)*-1. Suppose h = -q - 4 + 89. Suppose -5*b + d + 213 = -2*b, b - q = 5*d. What is the units digit of b?
0
Suppose 17 = 7*w - 11. Suppose i + 3*v = 22, -w*i - 19 = -2*v - 107. Let l(u) = 4*u + 32. What is the tens digit of l(i)?
2
Suppose -2*p = -2*d + 7*d - 24, 27 = 5*p - 4*d. Let t be (0 - 1)*(1 - p). Suppose t*i + 3*i - 297 = 0. What is the units digit of i?
3
Suppose 19240 = -142*n + 179274. What is the units digit of n?
7
What is the units digit of 28/77 + 245005/55?
5
Let k = 34148 - 17332. What is the tens digit of k?
1
What is the thousands digit of 170 - -8057 - (1/(-2) + (-13)/(-2))?
8
Let o(d) = d**3 + 7*d**2 - 7*d + 11. Let n be o(-8). Let l be (30/(-4))/(n/(-6)). Suppose 2*w - 90 = -4*f, w + 0*f = 4*f + l. What is the units digit of w?
5
Let d(s) = 4*s**3 + s**2 - s + 1. Let a be d(1). Suppose -a*p + 41 + 69 = 5*i, -i = -p - 32. Let x = i - -11. What is the tens digit of x?
3
Let k(q) = 13*q + 114. Let t be k(-6). What is the hundreds digit of 12*(155/3)/(t/27)?
4
Let j be -2*2946/(-48)*4. Let s = 124 + j. What is the hundreds digit of s?
6
Suppose -4*m + 6 = -10*m. What is the hundreds digit of 3 - 1 - (-976)/(5 + m)?
2
Let d(k) be the second derivative of k**6/360 - k**5/24 + 5*k**4/24 - k**3 + 4*k. Let h(t) be the second derivative of d(t). What is the units digit of h(9)?
1
Let r(j) = -5*j**2 - 18*j - 8. Let h be r(-3). What is the thousands digit of 3469/3 - -4*h/6?
1
Suppose 3*h + a + 16 = 0, 5*a = 6*h - 5*h. What is the tens digit of -7 - (-157 + (-30)/h)?
4
Let b = 295 + -297. What is the tens digit of (-1)/((4 + b)/(1348*-1))?
7
What is the units digit of ((-69)/(-345))/(1/35) + 1239?
6
What is the thousands digit of (-348)/2*(-6254)/236?
4
Suppose -i + 19 = 16. Suppose 0*y - 995 = 5*y + i*t, -2*y = -5*t + 367. Let x = y + 279. What is the tens digit of x?
8
Let m = -5 + 5. Suppose -3*p - 3*i + 208 = 37, -p + 63 = 4*i. What is the tens digit of (-42)/(-35)*(p + m)?
6
Suppose -k - 5*c = -10, 5*k + 0 = 3*c + 22. Let h be 217/k + ((-8)/10)/2. Let f = h + 54. What is the tens digit of f?
9
Suppose -22*x + 23*x = -36. What is the hundreds digit of 18/8*(-8448)/x?
5
Let v = -94 + 104. What is the hundreds digit of (-2037)/(-6) - (-5)/v?
3
Let f be (22/(-33))/((-4)/(-18)). Let m(b) be the third derivative of -11*b**4/12 + 4*b**3/3 - 13*b**2 - 2. What is the tens digit of m(f)?
7
Suppose 67*n - 1158847 = 39783. What is the hundreds digit of n?
8
Let r(j) = -11*j + 114. Let w be r(-29). Suppose 5*g - w - 1022 = -x, 4*g = -2*x + 2892. What is the thousands digit of x?
1
Let z be -5 + 2 - 277/1. Let p = 631 + z. What is the hundreds digit of p?
3
Let u(w) = 2*w**2 + 32*w + 24. Let s be u(-15). What is the tens digit of ((-314)/s)/((-1)/(-6))?
1
Let a be 1/((-4)/(-17)) + (-3)/12. Suppose 10*u = a*u. Suppose 5*f - 10*f + 1110 = u. What is the units digit of f?
2
Let k = 35 - 30. Let c be (-2 - (-7)/2)/(k/10). Suppose 0 = c*x + 3*x - 90. What is the tens digit of x?
1
Suppose 192*z = 190*z + 2*b + 135840, -z - 3*b = -67900. What is the ten thousands digit of z?
6
Suppose -5*g - 6 = 3*b, 2*b + 0*g = -2*g. Let y(m) = 3*m**3 - m**3 - 14*m**2 + 0 - m**b - 16 + 16*m. What is the units digit of y(13)?
3
Let v(u) be the second derivative of 5*u**3/6 - 19*u**2 + 70*u. What is the units digit of v(29)?
7
Let f(c) = 10*c**3 + c**2 - c + 1. Let r be f(1). Let h = 8 - r. What is the units digit of 2 - -5*(21 + h)?
2
Let f be (4 + (-44)/8)/(2/(-4)). Suppose 0 = f*k - 4 + 7. What is the tens digit of (274 - k)*10/75*3?
1
Let f(x) = -x**3 - 5*x**2 + 5*x - 3. Let c(a) = -a**3 - 5*a**2 - 7*a - 9. Let r be c(-3). Let s be f(r). Let g(b) = 45*b + 6. What is the units digit of g(s)?
1
Suppose -34*h + 24875 - 81315 = 0. Let m = -301 - h. What is the thousands digit of m?
1
Suppose -15*v + 94 = -911. Let k = v - -343. What is the units digit of k?
0
Suppose 7*x = -6*x. Suppose -18 = -3*a - 5*b - x, 4*a = 3*b + 24. Suppose -4*z - 765 = -5*s, 3*z = -a*s + 5*s + 153. What is the hundreds digit of s?
1
Suppose -272269 = -5*u + 2*c, 3*u = 157*c - 158*c + 163346. What is the units digit of u?
1
Let s be (-1272)/21 + 7 - 8/(-14). Let u(b) = 24*b + 6. Let i be u(-7). Let k = s - i. What is the hundreds digit of k?
1
Suppose -71*t + 551720 - 72274 = -40*t. What is the thousands digit of t?
5
Let f(u) = 60*u**2 + 157*u - 1685. What is the thousands digit of f(10)?
5
Let q(u) = 172*u + 862. What is the tens digit of q(31)?
9
Let k(n) = 57*n**2 - 39*n - 131. What is the hundreds digit of k(-3)?
4
Suppose -3*u = 21*d - 17*d - 16477, -2*d - 5*u = -8249. What is the hundreds digit of d?
1
Suppose -55*m + 34*m = -315. Suppose 960 = -2*n - 3*u, -4*n + 9*n - 3*u = -2421. What is the tens digit of (35/m - 3)*n/2?
6
Let j(w) = 17504*w - 417. What is the tens digit of j(2)?
9
Let b(z) = 16*z - 105. Let r be b(17). Let k = 10 + r. What is the tens digit of k?
7
Suppose -261 = -2*o - 3*b, 7*o = 4*o + 4*b + 417. Let u(j) = -7*j**2 + 15*j - 33. Let t be u(4). Let h = t + o. What is the units digit of h?
0
Suppose -12*m - 3216 = -18*m. Let b(v) = 551 + 0*v - m + 2*v**3 - 4*v. What is the units digit of b(3)?
7
Suppose -3*y = -2*k - 15, -2*k = -5*k - 5*y - 13. Let v(g) = 7*g - 6. Let z be v(k). What is the units digit of 0*1/2 - z?
8
Suppose -7*h + 63 = -0*h. Suppose 5*r - l - 20 = -h, -l = -r + 3. Suppose r*a = 42 + 128. What is the units digit of a?
5
Suppose 4*c = i - 1078, 5*i = 2*c - 3*c + 5306. What is the tens digit of i/21 - 76/133?
5
Suppose 3*t - 13 = -1. Let n(r) = -t*r**2 - 4*r**3 + 3*r**3 + r**2 - 8*r + 0*r - 1. What is the units digit of n(-5)?
9
Suppose -2*p + 5*g = -153881, 11*p = 7*p + 4*g + 307816. What is the units digit of p?
3
Suppose -436 - 103 = 7*j. What is the hundreds digit of 1125 + (22/j)/((-2)/14)?
1
Let z be 527 + 0/(3 - -1). Suppose -c - 129 = -z. Suppose 88 - c = -5*p. What is the units digit of p?
2
What is the tens digit of (-148)/518 + (109936/(-7))/(-4)?
2
Let u(h) = -18*h**3 + 4*h**2 - 14. Let q be u(-3). Suppose -236 - q = -24*i. What is the tens digit of i?
3
Let y = 218 + -211. What is the units digit of ((28/3)/y)/(2/864)?
6
Let b(a) = a**3 - 7*a**2 + 8*a + 4. Let p be b(4). Let x be ((-18)/p)/(12/128). Suppose 3*z - x = 38. What is the units digit of z?
8
Suppose -3*d - 3762 = -4*w, 5*w - 1062 = -2*d - 3593. Let v = d + 2257. What is the hundreds digit of v?
9
What is the thousands digit of 44101 + (-1)/3*(-15 - 0)?
4
Let o = -14007 - -19960. What is the thousands digit of o?
5
Let l(n) = -7*n + 1. Let w be l(-2). Suppose -3*k = w - 3. Let h = k - -8. What is the units digit of h?
4
Suppose -1596618 + 27424998 = 426*u. What is the thousands digit of u?
0
Let w(g) = -g**2 + 3*g + 2. Let h be w(0). Let j be 16/56 - (15/(-21) + h). What is the tens digit of j/2 + ((-65)/(-2) - -4)?
3
Suppose -25*u + 139 = 39. Suppose 0 = -5*d - u*k + 1829, d - 189 = k + 175. What is the tens digit of d?
6
Let r be 1/((-9)/(-2766)) - (-5)/(-15). Suppose 2*l - 3*p = -0*p + 658, 4*p = -l + r. Suppose -l = -4*k - 43. What is the tens digit of k?
7
What is the units digit of (820/(-2050))/((-73058)/(-36530) + -2)?
6
Suppose 89*o - 3035766 - 1164055 = 0. What is the tens digit of o?
8
Suppose 77*c - 51*c - 1207060 = 122710. What is the ten thousands digit of c?
5
Let s = 14205 + -5808. What is the units digit of s?
7
Let h be (((-66)/4)/(-11))/((-1)/10). What is the tens digit of 2/(2/h*3)*-67?
3
Let h be (-6 - 0)*(-273)/78. Suppose h*y - 14*y - 3101 = 0. What is the tens digit of y?
4
Let q = -72 + 170. Suppose -9*u - 77 = -4*t - 6*u, -4*t + 5*u + 75 = 0. What is the units digit of t/(-12)*-3 + q?
3
Let y(a) = -4*a - 89 + 86 - 9*a. Let j(c) = -c. Let r(u) = 5*j(u) - y(